e remainder when s is divided by 15?
14
Let a(d) = -3*d + 3. Let l(q) = 2*q. Suppose 0 = 4*u - 4*v - 8, 3*u = 5*u - 5*v + 2. Calculate the remainder when a(-6) is divided by l(u).
5
Suppose i - 3 = -0*i. Let y = 3 + -1. What is the remainder when i is divided by y?
1
Let n(i) = -2*i - 2. Let p be n(-4). Suppose -p*c = -2*c - 20. What is the remainder when ((-13)/(-3))/(6/18) is divided by c?
3
Suppose 0 = 5*s + f + 130, -7 = 2*s + 3*f + 58. Let h = -6 - s. What is the remainder when h is divided by 10?
9
Suppose -4*k - k = -115. Calculate the remainder when 40 is divided by k.
17
Let p(f) = f**3 + 5*f**2 - 5*f - 7. What is the remainder when 70 is divided by p(-5)?
16
Let z(n) be the second derivative of -n**5/20 - n**4/12 + 2*n**2 + 5*n. What is the remainder when 15 is divided by z(0)?
3
Suppose 9*h + 0 = 27. Calculate the remainder when h is divided by 3.
0
Let a(o) = 13*o**2 + o - 3. Let m be a(-4). Suppose -4*j + m = -j. Calculate the remainder when j is divided by (-2)/4*(-1 - 33).
16
Suppose 3*o + 4*s - 3*s - 20 = 0, -2*s + 33 = 5*o. Let w(u) = -5*u + 2. What is the remainder when w(-2) is divided by o?
5
Let r = -21 - -36. What is the remainder when 43 is divided by r?
13
Let i(a) = a**3 - 12*a**2 + 2*a - 7. What is the remainder when 33 is divided by i(12)?
16
Suppose 1 = -2*n + 53. Suppose 42 = 3*y + 3*y. Calculate the remainder when n is divided by y.
5
Calculate the remainder when 25 is divided by 76/10 - (-15)/(-25).
4
Let o(f) = 2*f**3 + f**2 - f + 2. What is the remainder when 79 is divided by o(2)?
19
Let f(g) = -g**3 - 8*g**2 + 9*g + 3. Let o be f(-9). Calculate the remainder when (-2)/o*(-153)/3 is divided by 12.
10
Let o(r) = -r**2 + 4*r + 7. Let j be o(4). Let m = j - -14. Calculate the remainder when m is divided by 8.
5
Let n(o) = 5*o**2 - 4*o + 13. Calculate the remainder when n(-4) is divided by 19.
14
Suppose 0 = -2*g - 2*g + 12. Let c = g - -8. Suppose 3*m - 24 = 36. What is the remainder when m is divided by c?
9
Suppose -93 = -4*x - d, 7*x + d - 116 = 2*x. Suppose 0 = 4*m + 5*i - 42, 5 + 1 = -3*i. What is the remainder when x is divided by m?
10
Suppose 4*s = 20 + 4. Let j be (-3)/(-12) + 15/4. Suppose -5*a + 2*k = -56, 2*a - 6 - 2 = -j*k. What is the remainder when a is divided by s?
4
Let g = -93 - -114. Calculate the remainder when 80 is divided by g.
17
Let u = -51 - -171. Calculate the remainder when (6/15)/(2/u) is divided by 13.
11
Let d be (8/(-10))/((-2)/(-10)). Let y be 4/(-5)*10/d. Suppose -28 + y = -2*p. Calculate the remainder when p is divided by 5.
3
Suppose 1 - 19 = -2*b. Calculate the remainder when b is divided by 4.
1
Let a(h) = -5*h**3 - 2*h**2 - h. Let w be a(-1). Suppose -3*j - s - 10 = w*s, -3*j + 25 = -2*s. What is the remainder when 13 is divided by j?
3
Let a = 36 - 15. Calculate the remainder when a is divided by 12.
9
Let q(v) = v**2 + 4*v - 3. Let m(p) = p**2 - 9*p + 5. Calculate the remainder when q(-10) is divided by m(10).
12
Let t(u) = -10*u + 1. Let v(h) = 15*h + 1. What is the remainder when v(2) is divided by t(-1)?
9
Let y = 45 - 44. What is the remainder when 2 is divided by y?
0
Let m = 155 - 21. What is the remainder when m is divided by 23?
19
Suppose -k = -3*k + 94. Let d be 264/(-15) + (-4)/10. Calculate the remainder when k is divided by (-1)/1*d + -2.
15
Suppose -3*w - 6*w + 279 = 0. Calculate the remainder when 118 is divided by w.
25
Suppose 0 = -9*y + 136 + 8. What is the remainder when y is divided by 6?
4
Calculate the remainder when 52 is divided by (-3)/6 + -2 + (-54)/(-4).
8
Let u(n) = -n**3 - n**2. Let z be u(-1). Let b(q) = -8*q + 2*q**2 + z*q + 4 + 0*q**2. What is the remainder when b(5) is divided by 5?
4
Let o(p) = -p**3 + p**2 + 3*p + 1. Let t be o(-2). Suppose -3*d + 8 = -t*d. What is the remainder when 2 + 11*(d + 3) is divided by 5?
3
What is the remainder when ((-2)/3)/(1/(-171)) is divided by 59?
55
Let n = 51 - 34. Let y = n + -4. Calculate the remainder when 25 is divided by y.
12
Let f(w) = -w**2 + 9*w + 13. Let p be f(10). Suppose -r - 2 = -p. What is the remainder when 3 is divided by r?
0
Let g = -2 - -8. Let k(r) = r**3 - 5*r**2 - 2*r + 4. Suppose -2*j + 52 = 7*v - 2*v, 0 = 2*v + 4*j - 24. What is the remainder when k(g) is divided by v?
8
Let j(s) = 4*s**2 + 6*s + 1. Calculate the remainder when -1 - (-19)/(1/1) is divided by j(-2).
3
Suppose -5*r = -3*r - 6. Let b = 34 - 32. Calculate the remainder when r is divided by b.
1
Let k = -42 - -58. What is the remainder when k is divided by 9?
7
Let j(v) = 8*v + 1. What is the remainder when 17 is divided by j(1)?
8
Let s = 28 - 16. Calculate the remainder when 33 is divided by s.
9
Suppose 0 = 2*m - 5 - 17. What is the remainder when 19 is divided by m?
8
Let u be 40/(-5) + 2 + -3. Let a(k) be the first derivative of k**3/3 + 7*k**2/2 - 11*k + 1. What is the remainder when a(u) is divided by 4?
3
Let j = 49 - 39. What is the remainder when 39 is divided by j?
9
Let h(l) = -2*l - 11. Let r be h(-10). Suppose -6*a + r*a = 42. What is the remainder when a is divided by 4?
2
Let z(t) = -t**3 - 6*t**2 - 7*t + 2. Calculate the remainder when z(-5) is divided by (-6)/(-2)*5/3.
2
Suppose -4*z - 6 - 10 = 0. Let s(q) = q**2 - 9*q + 9. What is the remainder when (-2)/(z/70) - -1 is divided by s(10)?
17
Let t = 13 + -9. Calculate the remainder when 11 is divided by t.
3
Let g be -5 - ((1 - 3) + 1). What is the remainder when (-2)/(-1) - (-44 + g) is divided by 17?
16
Suppose -2*t - 2*t + 44 = 0. Suppose -3*i + 44 = t. What is the remainder when 42 is divided by i?
9
Let k be ((-6)/(-4))/(15/20). Let z(w) = 8*w**2 - 4*w + 4. What is the remainder when 81 is divided by z(k)?
25
Suppose -i - 3*i = 72. What is the remainder when 34 is divided by 3/i - (-365)/30?
10
Suppose 2*y + 33 = -y. Let i = y + 21. Calculate the remainder when 19 is divided by i.
9
Suppose -g + 0 = -3. Suppose z - g*z = -268. What is the remainder when z/4 - 1/(-2) is divided by 18?
16
What is the remainder when 37 is divided by -6*(-4 + (-8)/(-3))?
5
Let h = 3 - -1. Suppose 0 = -v + h*d - 15 - 1, 4*v + 8 = 2*d. Suppose v = 4*z - 86 - 102. Calculate the remainder when z is divided by 12.
11
Let m = -45 + 63. Let r = -397 + 450. Calculate the remainder when r is divided by m.
17
Suppose -m = -0 - 9. Calculate the remainder when 33 is divided by m.
6
Let y(u) = -4*u - 11. Calculate the remainder when y(-9) is divided by 9.
7
What is the remainder when -1*(3 + -58 - 4) is divided by 15?
14
Suppose -5*m - 197 - 263 = 0. Calculate the remainder when m/(-2) + -3 + 3 is divided by 16.
14
Suppose 327 = 4*i + 43. What is the remainder when i is divided by 18?
17
Suppose -5*u + u + 96 = 0. Calculate the remainder when 45 is divided by u.
21
Let x = -71 + 100. Let a(i) = 114*i**2 - i. Calculate the remainder when a(-1) is divided by x.
28
Let x(f) = -f + 12. Suppose -18 = -3*j - 2*a, 0 = -j - 4*j + 2*a + 14. Suppose 41 - 9 = j*n. What is the remainder when 11 is divided by x(n)?
3
Let h = -180 - -287. What is the remainder when h is divided by 10?
7
What is the remainder when 8 is divided by (-15 - 0)/(3 + -6)?
3
Suppose 0 = -11*o - 34 + 243. Calculate the remainder when 34 is divided by o.
15
Let d(i) = -120*i - 6. Calculate the remainder when d(-1) is divided by 23.
22
Let k be (0/2)/((-8)/4). Suppose -3*m - m = -4, k = 3*g - 2*m - 109. What is the remainder when g is divided by ((-52)/6)/((-2)/3)?
11
Let l = 47 + -15. Calculate the remainder when l is divided by 12.
8
Suppose -2*d - 2 = 0, i - 2*i = -3*d - 37. Suppose -3*j - 4*m + i = 0, j - m - 24 = 4*m. What is the remainder when 40 is divided by j?
12
Suppose 5*x - 4 = 1. Let q(c) = 37*c**3 - c**2 - c + 1. What is the remainder when q(x) is divided by 13?
10
Suppose q - 5 = -3. Suppose -24 = -u - 3*u. Calculate the remainder when (q/2)/((-8)/(-88)) is divided by u.
5
Let u = 44 + -15. Let z = -109 - -117. Calculate the remainder when u is divided by z.
5
What is the remainder when 43 is divided by (-2)/7 - (-130)/14?
7
Let y(r) = 28*r + 2. Calculate the remainder when y(2) is divided by 10.
8
Let n(d) = d**3 + d**2 - 7*d - 1. Let g(k) = 6*k**3 + 4*k**2 - 36*k - 6. Let s(o) = 2*g(o) - 11*n(o). Calculate the remainder when s(5) is divided by 19.
17
Calculate the remainder when (0 - 5)/(-1)*5 is 